 Let h = 232 - a. Calculate the remainder when h is divided by 30.
28
Let g(k) = 16*k + 174. What is the remainder when g(-9) is divided by 6?
0
Suppose -u = -3*f + 11, -6*u = -u - 4*f. Suppose -v = 2*g + v - 214, -16 = -u*v. Calculate the remainder when g is divided by 26.
25
Suppose 3*r + 2*r = 150. Let y be 4/(-10) - 348/r. Calculate the remainder when 27/(-6)*272/y is divided by 21.
18
Let c(n) = 17*n**2 - 2*n + 2. Let m(j) = -50*j**2 + 5*j - 6. Let l(d) = -11*c(d) - 4*m(d). Calculate the remainder when l(-1) is divided by 7.
6
Let u = -16 + 40. Suppose 8*i = 5*i + u. Calculate the remainder when 13 - ((2 - 1) + -3) is divided by i.
7
Let s(k) be the second derivative of 2*k - 1/20*k**5 - 1/2*k**2 + 1/4*k**4 - 1/2*k**3 + 0. Calculate the remainder when s(-3) is divided by 16.
14
What is the remainder when 191 is divided by (4 - (-238)/(-63))*36?
7
Let x = 145 - 39. Suppose 120 = 5*t - 0*t. Let c = t - -3. Calculate the remainder when x is divided by c.
25
Let j = -5763 - -5770. Calculate the remainder when 1 - -34*(0 + 1) is divided by j.
0
Suppose 347 = -6*l - 175. Let h = 216 + l. What is the remainder when h is divided by 26?
25
Let q be 4 + 2 + 4 + -2. What is the remainder when 12/q*84/9 is divided by 4?
2
Suppose p = -2*l + 65, -p - 13 = 3*l - 111. What is the remainder when l is divided by 7?
5
Let f be (5 - 8) + 109/(-1). Let c = f + 122. Calculate the remainder when 37 is divided by c.
7
Let d be 2/7 - (-19)/7. Suppose -2*q + d*z + 82 = 0, z + 43 = q - 0*q. What is the remainder when q is divided by 11/(6 - (-3 - -8)) - -5?
15
Calculate the remainder when 107 is divided by 6 + 30/3 + 11.
26
Let a(i) be the third derivative of 25*i**6/24 - i**5/60 + 5*i**2. Let z be a(-1). What is the remainder when 26 is divided by (z/(-28))/((-2)/(-4))?
8
Let n be ((-2)/(-1))/(8/72). Let v be (-73)/(-2) - (-27)/n. Let m = v + 7. What is the remainder when m is divided by 12?
9
Let a(g) = -g**2 - 3*g - 1. Let h be a(-1). What is the remainder when h*(0 - 3 - -2)*-23 is divided by 12?
11
Let n(u) = 9*u**2 + 2*u + 3. Let c(m) = 658*m + 2005. What is the remainder when n(3) is divided by c(-3)?
28
Suppose 0 = -11*u - 67 + 232. Calculate the remainder when 47 is divided by u.
2
Let u be 4/18 - (-530)/45. Suppose -2*h = 5*w - 63, -5*h - 12 - u = -4*w. Calculate the remainder when 43 is divided by w.
10
Let c = 7 - 1. Let k be (6/4)/(3/c). Suppose 76 + 89 = k*h. Calculate the remainder when h is divided by 19.
17
Let i(t) be the second derivative of t**5/20 - 11*t**4/12 + 2*t**3/3 - 7*t**2/2 - 11*t. What is the remainder when i(11) is divided by 19?
18
Let i = 50 + -44. Let p(u) = -u + 15. Let a be p(15). Suppose 23 = x - a*x. Calculate the remainder when x is divided by i.
5
Suppose 0 = -2559*w + 2550*w + 828. Calculate the remainder when w is divided by 28.
8
Let i(o) = o**2 + 3*o + 2. What is the remainder when 176 is divided by i(3)?
16
Let n(b) = -b - 12. Let o(v) = v + 1. Let j(s) = s + 9. Let r be j(-5). Let g(k) = r*o(k) + n(k). What is the remainder when 36 is divided by g(6)?
6
Suppose -5*u + 3946 = 4*s + 991, 0 = 4*u + 4*s - 2368. What is the remainder when u is divided by 42?
41
Let h(w) = w**3 + 9*w**2 - 12*w - 17. Let j be h(-10). What is the remainder when 27 is divided by (4 + -8)*6*j/(-8)?
0
What is the remainder when 66/((-20)/8 - -4) is divided by 16?
12
Suppose -4*a + 76 + 20 = 0. Suppose -25*s + 27*s - a = 0. What is the remainder when 83 is divided by s?
11
Let i be (-6)/(-30) + (-29)/(-5). Suppose -8*a + i = -6*a. Suppose -5*l + 10*l = 4*p - 29, -a*p + 22 = -4*l. Calculate the remainder when 22 is divided by p.
4
Let j = 76 - 67. Suppose -2*g = -20*g + 630. What is the remainder when g is divided by j?
8
Let t be (2/(-2))/(1/(-19)). Suppose 0 = -p - 4, -x - t = 5*p - 3. Suppose x*l - 70 = -2. What is the remainder when 66 is divided by l?
15
Suppose -x + 2*b + 122 = 0, -2*b + 350 = 12*x - 9*x. What is the remainder when x is divided by 22?
8
Let k be (1/(-1) - 4)*1. Let x(b) = -b - 2. What is the remainder when 5 + -3 + 1 + 5 is divided by x(k)?
2
Suppose 16*v = 21*v + 5. What is the remainder when 190/19*(v - (-46)/4) is divided by 18?
15
Let t = -16 - -25. Let f = -4 + t. What is the remainder when f is divided by 2?
1
Suppose -4*c + 44 = -0*c. What is the remainder when -2 + (-26)/(-12) - (-4280)/240 is divided by c?
7
Suppose -j = -5*j - 188. Let o = j - -74. Calculate the remainder when 105 is divided by o.
24
Let y = 49 + 87. Let c be y/12*(-1 + 4). Suppose 3*k = 3*v + 12 - 69, -4*k - c = -v. What is the remainder when 26 is divided by v?
12
Let j(f) = -f**3 + 2*f**2 - 21*f - 94. Calculate the remainder when j(-4) is divided by 27.
5
Suppose 9*h = -44 + 296. What is the remainder when h is divided by 3?
1
Suppose -12*c + 5*c + 28 = 0. Suppose c*h - 47 = 1. Calculate the remainder when 32 is divided by h.
8
What is the remainder when 64 is divided by 3*((-39)/(-9) + -3)?
0
Let o(b) = 6*b + 1. Let r(m) = -6*m**2 - 225*m - 100. Calculate the remainder when o(5) is divided by r(-37).
9
Suppose -27*y + 40*y = 143. Let c(g) = -2*g**3 - 2*g**2 + 2*g + 2. Calculate the remainder when y is divided by c(-2).
5
Suppose -4*g = -528 - 544. What is the remainder when g is divided by 30?
28
Suppose -4*n + 168 - 52 = 0. What is the remainder when 228 is divided by n?
25
Let s(g) = -4*g**3 + 3*g**2 - 3*g + 6. Let f be s(-4). Suppose 37*b - f = 30*b. What is the remainder when 179 is divided by b?
41
Let z(u) = 2*u + 34. Suppose 64 = -2*i + 34. What is the remainder when 17 is divided by z(i)?
1
Let o be 3*2/(-9) + 10/6. Let v = o + 44. Calculate the remainder when v is divided by 23.
22
Let y(a) = 2 - 2*a + 10*a**2 - 4 + a**3 + 9*a. Let t be 2*-9*(3 - (-25)/(-10)). What is the remainder when 62 is divided by y(t)?
14
Suppose 160005 = 103*t - 27970. Calculate the remainder when t is divided by 29.
27
Let p = -546 - -577. What is the remainder when 431 is divided by p?
28
Suppose 0*x + 5*i - 23 = x, 0 = -5*i + 25. Suppose -5*u - 88 = -4*r, -22 = -x*r + 3*u + 24. What is the remainder when 50 is divided by r?
16
Suppose 11*f = 7*f + 3*i + 416, -3*f + 2*i = -312. What is the remainder when f is divided by 31?
11
Let m(c) = 12*c**2 + 7*c + 6. Suppose y = -0*a + 2*a + 9, 5*y = a. Calculate the remainder when 21 is divided by m(y).
10
Suppose 12 = -x + 3*v + 37, 23 = 3*x + 4*v. What is the remainder when 41 is divided by x?
2
Suppose 4*w + i - 379 = 0, -2*w + 188 = 2*i - 0. Calculate the remainder when 125 is divided by w.
30
Suppose 21 = -s + 37. Let n = 2 - -36. Suppose 2*l + 4*h - s = 0, -5*h = 5*l - l - n. What is the remainder when l is divided by 5?
2
Let p be 23/(-46)*-22*2. Suppose -6*g = -4*g - p. Calculate the remainder when 51 is divided by g.
7
Suppose -19*f = 20*f - 2847. What is the remainder when f is divided by 19?
16
Let g(h) be the first derivative of 2*h**2 + 119*h + 11. What is the remainder when g(0) is divided by 24?
23
Let m be -26*(6/3)/(-1). Let i = -33 + m. What is the remainder when i is divided by 7?
5
Let d(l) = l**3 + 3. Let t(x) = 4*x - 3. Let n be t(4). Let i = n - 13. Calculate the remainder when 10 is divided by d(i).
1
Let u = 50 - 22. Let l = -266 - -377. Calculate the remainder when l is divided by u.
27
Let i(t) = -80*t + 12. Let c be i(-3). Suppose -9*w + c = 9*w. What is the remainder when 109 is divided by w?
11
Suppose -159 = -11*q + 116. Calculate the remainder when q is divided by 13.
12
Suppose -613 = -15*r + 437. Let y(t) = -4*t - 10. Suppose 2*o - 7*o - 35 = 0. Calculate the remainder when r is divided by y(o).
16
Let d = 27 + -17. Let p be ((-6)/(-5))/((-24)/(-60)). Suppose -2*v = s - 120, -p*v - 5*s = -0*v - 187. What is the remainder when v is divided by d?
9
Let v(j) = j**3 + 8*j**2 + 6*j + 19. Let q be (-2 - 3) + (-1 - -2) + -1. What is the remainder when v(q) is divided by 13?
12
Let n = 18549 - 18544. Suppose 2*w = 3*y + 7*w - 19, 0 = 5*y - 4*w + 30. Let u(o) = -o**3 + 3*o**2 - 2. What is the remainder when u(y) is divided by n?
3
Suppose 3*t + 6*v = 2*v + 138, -5*t + 5*v + 230 = 0. Suppose k = -3*k + 720. What is the remainder when k is divided by t?
42
Suppose -211 = -9*v + 482. What is the remainder when v is divided by 9?
5
Let g(q) = 6*q**2 + 73*q - 706. Calculate the remainder when g(